in base 15?
-1a524
What is -a48266 (base 11) in base 10?
-1680036
Convert -e51 (base 16) to base 8.
-7121
-1823641 (base 11) to base 9
-5735164
What is 1000100012 (base 3) in base 13?
90c2
What is -77a99 (base 12) in base 3?
-22001211200
Convert -6a722 (base 14) to base 5.
-31244323
What is -11422124034 (base 5) in base 14?
-1b0a312
146193 (base 12) to base 14
8cad1
What is a86152 (base 11) in base 4?
12213301322
261542 (base 12) to base 9
1151675
Convert -395340 (base 12) to base 16.
-e60a0
-10123302 (base 4) to base 8
-43362
What is -8b24a (base 14) in base 12?
-143702
Convert 320226 (base 8) to base 7.
622631
7177 (base 14) to base 15
5ba9
140503544 (base 7) to base 3
122012120122022
What is 132200223 (base 5) in base 9?
1218771
What is 1624241 (base 9) in base 7?
10444441
Convert -255512 (base 8) to base 4.
-111231022
What is 11211502 (base 7) in base 16?
eeb85
Convert -198293 (base 11) to base 16.
-4a2c4
What is 21202120010220 (base 3) in base 15?
56725c
Convert 4776710 (base 8) to base 3.
2110120012011
12078305 (base 9) to base 8
26377202
What is 158d7 (base 15) in base 12?
3427a
Convert -4331374 (base 8) to base 14.
-222a04
What is -3230044 (base 6) in base 14?
-42164
-3ca20 (base 16) to base 6
-5153440
Convert -119214 (base 10) to base 9.
-201470
Convert -27bb (base 14) to base 13.
-3275
Convert -5788050 (base 10) to base 8.
-26050622
Convert 526528 (base 9) to base 5.
40010142
-42014031 (base 6) to base 5
-302341420
What is -52500 (base 9) in base 4?
-20131230
What is 103140255 (base 6) in base 2?
110111111011011001011
Convert -431100 (base 5) to base 3.
-201220222
-b6eb69 (base 15) to base 11
-4a07521
Convert 33301322 (base 4) to base 16.
fc7a
-252567 (base 8) to base 15
-1ad7a
What is -10715 (base 8) in base 7?
-16200
-4021503 (base 6) to base 7
-1416546
-131013121201 (base 4) to base 16
-747661
What is 512143 (base 8) in base 9?
276813
Convert -143182 (base 10) to base 15.
-2c657
What is 465562 (base 10) in base 15?
92e27
What is -45a86 (base 15) in base 8?
-661067
What is 18155a (base 11) in base 3?
112020100001
Convert 1011110000111111101 (base 2) to base 9.
646760
What is 5d595b (base 15) in base 7?
53012456
-92859 (base 13) to base 3
-111100120220
61749 (base 14) to base 5
30002202
What is 3cbb39 (base 14) in base 7?
23623302
What is -74681 (base 16) in base 10?
-476801
Convert -58569 (base 10) to base 8.
-162311
-2003400442 (base 5) to base 8
-17101463
Convert 6750 (base 11) to base 16.
22b8
What is 12352430 (base 8) in base 14?
515156
What is 5657a (base 11) in base 12?
3b477
What is 867a10 (base 11) in base 14?
281568
Convert 549303 (base 10) to base 9.
1026446
-30420323 (base 6) to base 5
-210424002
Convert 14a1a3 (base 11) to base 14.
60d83
What is 64284 (base 14) in base 4?
323010330
Convert -2a24c (base 13) to base 15.
-18849
Convert 14142213 (base 7) to base 9.
2433480
What is 23402c (base 14) in base 16?
1256f8
What is a90751 (base 12) in base 9?
5027717
2005133 (base 6) to base 9
153503
-296368 (base 10) to base 12
-123614
Convert -1242780 (base 13) to base 12.
-1aa4520
Convert 175202a (base 11) to base 16.
2d6461
Convert 12a6b64 (base 13) to base 12.
1b71094
What is 332457 (base 14) in base 16?
1a799d
What is -7533412 (base 8) in base 6?
-111051054
What is 20200201121 (base 3) in base 7?
1056052
Convert -1101000100110000 (base 2) to base 4.
-31010300
What is 101000011011020 (base 3) in base 15?
700810
What is 2404495 (base 11) in base 14?
7b2210
1346461 (base 8) to base 10
380209
-516413 (base 8) to base 13
-5cc60
-a86b9 (base 14) to base 4
-1203132123
20013221031 (base 4) to base 2
1000000111101001001101
210220223 (base 4) to base 16
24a2b
2140012 (base 5) to base 11
2578a
Convert -43441144 (base 6) to base 5.
-312440110
What is -10111110011010011011 (base 2) in base 16?
-be69b
Convert 25158651 (base 9) to base 5.
11123240421
What is 27ab6 (base 14) in base 2?
10111111101110000
Convert -200100122222 (base 4) to base 3.
-120220121020122
Convert -110111200111202 (base 3) to base 16.
-656b88
Convert -25a876 (base 13) to base 7.
-10503410
20203224 (base 6) to base 14
10dd84
-9e487b (base 15) to base 16
-73558d
What is -102101220102 (base 3) in base 13?
-7b224
What is -31d996 (base 14) in base 15?
-2358a6
Convert 7377a3 (base 16) to base 4.
130313132203
200211202222 (base 3) to base 7
3103223
Convert 423110004 (base 5) to base 10.
1769379
Convert 12101027 (base 9) to base 11.
3374007
Convert 4551204 (base 6) to base 5.
24413101
What is 132174 (base 8) in base 15?
da54
Convert -50534003 (base 6) to base 11.
-8a6425
c01a54 (base 13) to base 5
2120200342
-285640 (base 13) to base 3
-1211221121001
Convert 122221021 (base 4) to base 12.
531a1
Convert -401b21 (base 15) to base 2.
-1011100111000000110101
Convert -233d8 (base 16) to base 3.
-21100000002
-29cb532 (base 13) to base 16
-cbe760
4691268 (base 12) to base 14
1b49888
148025 (base 14) to base 4
2232030001
What is -50ed13 (base 16) in base 7?
-63036210
28977e (base 16) to base 15
378332
2b8279 (base 12) to base 8
2645175
Convert -203034222 (base 5) to base 3.
-1120012022120
What is -3924866 (base 11) in base 10?
-6799788
What is -a150 (base 11) in base 4?
-3102232
What is 33057 (base 9) in base 16?
55a2
-2244111142 (base 5) to base 10
-5066422
Convert -12032222 (base 5) to base 2.
-11011001111001010
2243214100 (base 5) to base 15
69c86a
What is -111002022022 (base 4) in base 9?
-11333537
What is -433410014 (base 5) in base 15?
-26a2c4
What is 1827881 (base 9) in base 10?
1022779
45231454 (base 7) to base 3
21101100110101
Convert -1c6786 (base 14) to base 16.
-f83c2
23ab463 (base 13) to base 2
101010010000100110001111
1011111001010100111010 (base 2) to base 13
852506
-584c6 (base 14) to base 9
-356817
93b75 (base 12) to base 2
101111001111001001
Convert -3710bb7 (base 12) to base 3.
-202011202010211
What is 1411223302 (base 5) in base 13?
99863c
What is 10001110001001111000 (base 2) in base 16?
8e278
Convert -15340543 (base 7) to base 3.
-2202210022211
-148090 (base 10) to base 5
-14214330
Convert 251e6 (base 16) to base 10.
152038
Convert -12103717 (base 8) to base 12.
-a811a7
What is 101222222121000 (base 3) in base 14?
ac2438
-200020212012 (base 3) to base 13
-c7700
-15582 (base 10) to base 2
-11110011011110
-164114 (base 7) to base 11
-22588
-19636a7 (base 13) to base 4
-133311332202
What is -b9687 (base 16) in base 12?
-30759b
What is 22557b5 (base 12) in base 8?
31071471
What is -200121102002 (base 3) in base 13?
-ca928
-45597 (base 13) to base 10
-126198
20100020123 (base 4) to base 10
2163227
-134213230 (base 5) to base 7
-5622462
-217139 (base 14) to base 6
-40143435
What is -1081678 (base 11) in base 6?
-104305503
Convert 726219 (base 12) to base 3.
10101010212110
Convert -25320523 (base 6) to base 14.
-1747d1
2a843 (base 12) to base 3
10001020120
-a78901 (base 11) to base 5
-420142420
Convert -3484602 (base 10) to base 12.
-1200676
Convert 19bb901 (base 13) to base 8.
40351622
3760615 (base 8) to base 13
2a5961
-38db2b (base 14) to base 4
-13132030023
-120220001000 (base 3) to base 9
-526030
-1b19fc (base 16) to base 2
-110110001100111111100
2619039 (base 13) to base 10
11929758
11001111100110 (base 3) to base 14
4015b5
Convert -205113513 (base 6) to base 11.
-2040609
-24100450 (base 7) to base 11
-1228935
Convert 128403 (base 12) to base 6.
10310403
75130111 (base 8) to base 7
253205635
Convert -75852 (base 12) to base 6.
-3153342
What is 235542425 (base 6) in base 14?
8477a1
Convert -1dd (base 15) to base 11.
-364
Convert 78d92 (base 15) to base 16.
5ddb5
111011000101011111 (base 2) to base 16
3b15f
Convert -2a8a (base 14) to base 13.
-35a4
What is -10762 (base 12) in base 5?
-1144233
What is -31e24 (base 15) in base 8?
-465342
What is -113314053 (base 6) in base 12?
-865929
Convert -1050a6 (base 11) to base 10.
-167822
Convert -32432032 (base 6) to base 2.
-11101100011101110100
559ab (base 12) to base 3
12210000212
Convert 759525 (base 15) to base 6.
320011125
Convert 6992c (base 13) to base 4.
233002322
3285771 (base 9) to base 13
49c372
Convert -630c1 (base 16) to base 4.
-1203003001
210033102 (base 5) to base 10
861652
What is -120200004 (base 5) in base 3?
-1001002202021
Convert 11100011111011011100011 (base 2) to base 4.
130133123203
Convert 1180e7